 What is the greatest common factor of f and z?
15
Suppose -4*x + 5 = u - 97, -2*u = 4. What is the greatest common divisor of 65 and x?
13
Suppose -x + 5 = y + 2*y, 4*y + 4*x = -4. Let m = -10 - -14. Suppose h = 3*h - m. What is the greatest common factor of h and y?
1
Suppose 2*h - 6 = -4*d - 0*h, 5*d + h - 6 = 0. Calculate the highest common factor of d and 13.
1
Let a(v) = 11*v**2 - v. Let y be a(1). What is the highest common divisor of y and 50?
10
Let s(b) = 23*b + 1. Let m be s(1). Let g = 6 - -2. Calculate the greatest common factor of g and m.
8
Let l(d) = 3*d**2 + 3. Let q be l(2). Calculate the highest common factor of 120 and q.
15
Let j = -32 + 173. Suppose -300 = -v + 5*v. Let a = j + v. Calculate the highest common factor of a and 22.
22
Suppose -4*g = -9*g + 35. Suppose -g = -4*c + 3*c. Let x = 16 - c. Calculate the highest common factor of x and 54.
9
Let w(b) = 6*b**2 - 5*b - 5. Let d be w(5). What is the highest common divisor of 15 and d?
15
Let n(q) = q + 9. Let g be n(9). What is the highest common divisor of g and 198?
18
Let h(z) = -4*z + 30. Let d be h(5). What is the greatest common divisor of d and 25?
5
Let g = -11 + 44. Let y = g + -13. Let t be 3/2*y/3. Calculate the highest common factor of t and 5.
5
Let n(b) be the second derivative of b**3 + b**2/2 - 2*b. Let h be 2/5*(6 + -1). Let p be n(h). Calculate the greatest common factor of 104 and p.
13
Let w be (-72)/(-33) + (-2)/11. What is the greatest common divisor of 10 and w?
2
Suppose -2*w = -6 - 4. Let r be (-370)/(-8) - (-2)/(-8). Suppose 1 = -w*u + r. What is the highest common divisor of u and 36?
9
Let v = -50 - -119. Suppose -3*y = -z - v, 2*y + 4*z + 0*z = 60. What is the highest common divisor of y and 36?
12
Suppose -324 + 50 = -5*f - z, 4*f - 224 = 4*z. What is the highest common factor of 22 and f?
11
Let s(x) = x**3 - 9*x**2 + 9*x + 8. Let i be s(8). Let q(f) = -f**2 - 6*f + 4. Let y be q(-6). What is the highest common divisor of i and y?
4
Let r(f) = 238*f + 1. Let l be r(-1). Let i = -133 - l. Suppose 5*w - a = 131, i = -w + 5*w - a. Calculate the greatest common divisor of 9 and w.
9
Let q = 22 + -19. What is the greatest common divisor of 3 and q?
3
Let l(v) = -v. Let d be l(-7). What is the highest common divisor of 77 and d?
7
Suppose -92 = -5*w + w. Let r = w - 13. What is the highest common factor of r and 30?
10
Let v(b) = -b**2 - 6*b + 1. Let l be v(-5). Let s be (-40)/(-24)*1*3. Let c = s - -10. Calculate the greatest common divisor of l and c.
3
Let m(h) = -2*h - 29. Let u be m(-18). Let a(r) = 3 - r + 1 + 8. Let f be a(u). Calculate the greatest common factor of f and 45.
5
Let k(m) = m - 11. Let r be k(12). Calculate the greatest common divisor of r and 1.
1
Suppose -14 = 4*i - o, -2*o = -2*i - o - 8. Let b be i/2*(-9 + -1). Calculate the highest common divisor of 15 and b.
15
Suppose -u = 2*u - 90. Let a = -2 + 6. Suppose a*j - 55 = 5. What is the greatest common factor of u and j?
15
Let m(q) = -q + 10. Let c be m(5). What is the greatest common factor of 40 and c?
5
Suppose b - 31 = 2*w - 125, 0 = -w + 2*b + 53. Let n = -22 + 27. Calculate the highest common divisor of w and n.
5
Let q(k) be the second derivative of k**3/2 - k**2/2 + 2*k. Let u be q(7). Calculate the highest common divisor of u and 20.
20
Let c(w) = 215*w**2 - 2*w - 1. Let q be c(-1). Suppose 5*u - 2*u = q. Suppose 0*j = j - u. Calculate the greatest common divisor of 8 and j.
8
Let u(o) = 2*o**2 + 2*o + 1. Let r be 3 + (-1 + -1)*2. Let t be u(r). What is the greatest common divisor of 1 and t?
1
Suppose -3*z + 2*z + 72 = 0. Suppose -n - z - 1 = 0. Let a = n + 123. What is the greatest common factor of 20 and a?
10
Let d(c) = -c**3 - c**2 + 4*c + 4. Let k be d(-4). Calculate the greatest common divisor of k and 144.
36
Suppose 42 = 5*q + 12. Suppose 10*b - q = 7*b. What is the highest common divisor of 1 and b?
1
Let q(x) = x + 4. Let l be q(5). Suppose -5*f + 237 = 4*a, -4*f - 13 = -1. Calculate the highest common divisor of a and l.
9
Let k be 1078/8 - 9/(-36). Suppose 2*z - k = -3*z. Suppose 4*a - 112 = 5*o - 15, a + 5*o = -7. Calculate the highest common factor of a and z.
9
Let z(q) = -q**2 + 7*q - 1. Let u be z(6). Suppose 0 = 4*i - 24 - 36. What is the highest common factor of u and i?
5
Let w = 45 - 35. What is the highest common divisor of w and 50?
10
Let j = -104 - -202. Let q(v) = -v**2 + 11*v - 10. Let a be q(8). What is the highest common factor of a and j?
14
Let h be 4/6 - (-6)/(-9). Suppose -5*q = a + 18, a = -h*a + 3*q + 14. Let u = a - -3. Calculate the greatest common divisor of u and 1.
1
Let c = 32 - 19. Suppose v = 5*n + 23, -4*v + 2*n - 1 = -3. Let k be 13 + -1 - (-3 - v). What is the greatest common divisor of c and k?
13
Let v be 1854/8 - 9/12. What is the greatest common divisor of v and 21?
21
Let g be 2 + 0/(-2) + 40. Suppose 3*o - 5*r = 104, 3*r - 151 + 23 = -5*o. What is the greatest common divisor of o and g?
14
Suppose 0*k - 36 = -4*k. Let h = k + -5. What is the greatest common divisor of h and 28?
4
Suppose -6*j + 432 = -2*j. What is the greatest common divisor of j and 27?
27
Suppose -5*k + 75 = -50. What is the greatest common divisor of k and 5?
5
Suppose t = 3*t - 26. What is the highest common factor of 91 and t?
13
Suppose 0 = -5*y - 2 + 82. Let q(u) = 39*u + 2. Let i be q(2). What is the highest common factor of i and y?
16
Let w be (-3)/(-2) - 279/(-18). Calculate the highest common factor of 68 and w.
17
Let u(x) = -15*x + 3. Let p be u(-3). Let i be -2*3/(-12)*p. Suppose t + 7 = i. What is the greatest common divisor of 17 and t?
17
Suppose 4*c - c - p = 13, 4*p = 8. Suppose 0 = 7*o - c*o + 2. Let w = o + 9. What is the highest common divisor of 64 and w?
8
Let x = 4 - 3. Let w be 4/x*-2*-5. Suppose h + 3*h - 20 = 0. What is the highest common factor of h and w?
5
Suppose 4*r - 239 = r + k, 4*r + k = 321. Suppose -r = -4*l - 0. What is the highest common factor of 100 and l?
20
Suppose 15*t - 748 - 32 = 0. Calculate the greatest common divisor of t and 13.
13
Suppose 22 = t + 4*h, -2*t + 51 = -0*t + h. Let p = t + 190. Calculate the greatest common divisor of 27 and p.
27
Let z be 3/((-60)/21 + 3). Let t(a) = 12*a**2 - 6*a. Let n be t(4). What is the highest common divisor of n and z?
21
Suppose -o + 51 = -19. What is the greatest common factor of o and 14?
14
Let z be (-2)/(-6)*3*5. Suppose h - 5*r = -h + z, -2*r - 44 = -5*h. What is the greatest common divisor of h and 5?
5
Let p(y) = 28*y + 1. Let d be p(2). Suppose -2*t + 3*k + 184 = 3*t, -k + 192 = 5*t. What is the greatest common divisor of t and d?
19
Let q(y) = 6*y**3 - 2*y**2 - 3*y + 2. Let x be q(2). Let w = -22 + x. Calculate the greatest common divisor of w and 70.
14
Let b(t) = -3*t. Let r be b(-6). Let c be 4/((-2)/(-3) + 0/5). Calculate the highest common divisor of r and c.
6
Let n(i) = 4*i + 6. Let h be n(3). What is the greatest common factor of 6 and h?
6
Let a(n) be the third derivative of -n**5/60 - 3*n**4/8 + 2*n**3 + n**2. Let x be a(-10). What is the greatest common divisor of x and 18?
2
Let z be (18/8)/((-4)/(-16)). Suppose -z = b + 17. Let q be ((-2)/4)/(1/b). What is the highest common factor of 39 and q?
13
Suppose 6 = 3*t - 0*t. Suppose -4*m + 2*d + 748 = 0, t*m - 6*m + 5*d = -748. What is the greatest common divisor of 17 and m?
17
Let j = -63 + 72. Calculate the highest common divisor of j and 63.
9
Let o be 3*(-1)/4*-4. Suppose 2*i + 0 = -o*a + 2, -10 = 5*i. Suppose -u - 1 = -v - 2, v = -a*u + 8. Calculate the highest common divisor of 21 and u.
3
Let n(d) = 2*d**3 - 6*d**2 + d - 3. Let h be n(4). What is the highest common factor of 3 and h?
3
Let m be (36/8)/(-3)*-10. Let x = m + -13. What is the greatest common factor of 3 and x?
1
Let r be ((-8)/(48/(-45)))/((-3)/(-10)). What is the highest common factor of 325 and r?
25
Let s = 67 - 35. Calculate the greatest common factor of 16 and s.
16
Let w = 96 + -45. What is the greatest common factor of 34 and w?
17
Suppose -3*z = -1 - 11. What is the greatest common factor of 12 and z?
4
Let c be (-36)/5 - 5/(-25). Let i be 3790/35 - (-2)/c. What is the greatest common divisor of i and 12?
12
Suppose 13 = -3*z - v, 4*v = z - 4*z - 25. Let q be 0 + z + 6 - 2. What is the highest common 